-72
Calculate 42 + (-23 - ((-14 - -14) + -13) - -12) - 1.
43
-9 - (-12 + 8 + -53 - -17)
31
What is the value of (1 + 6 + -10 - (-223 - -159)) + -14?
47
What is the value of -23 + (-23 - -6 - -27) + -3 + 1?
-15
43 - ((39 - 68) + 12 + 24)
36
Evaluate 133 - -89 - 75 - 75.
72
What is 4 + (-37 - (-18 + 78)) - 32?
-125
Evaluate -7 - ((5 - 0) + 5 - (170 - 109)).
44
33 + 7 + -74 - -10
-24
What is the value of 7 + (1 - -14) + (1 - (-29 + 25))?
27
Evaluate (-49 + 33 - (-26 + -4)) + -59.
-45
Calculate -50 - (-91 - (-37 - 3)).
1
What is the value of -9 + (2 - (0 + 0 - -1)) + -23 + 14?
-17
11 + -80 + -73 + 15
-127
Calculate 14 + (0 - 13 - (-42 + 14)).
29
Evaluate -204 - (-79 - 10) - 25.
-140
What is (50 + -64 - (-2 + -24)) + -49?
-37
What is the value of (25 - (4 - (1 - 2))) + (-893 - -879)?
6
Evaluate -8 + (-2 - (11 + 20)).
-41
-44 - (26 - (18 + (13 - 17)))
-56
What is the value of (-53 + 46 - -126) + -64?
55
What is the value of 2370 + -2365 - (-4 + -82 + (3 + -2 - 4))?
94
What is -208 + 230 + (7 - (66 - 5))?
-32
Evaluate 14 + (-23 - (53 + -54)).
-8
What is the value of -5 + 4 + -6 - (19 + -19) - (-1 + 35)?
-41
Calculate 108 - 11 - 13 - (-4 + 12) - (38 - 44).
82
Calculate -78 + -15 + 84 + 40.
31
What is the value of 163 + -198 + -2 + (8 - 7) + 3?
-33
What is (-28 - -39) + -75 - -36?
-28
What is the value of -27 + (8 - (12 - 10 - 26))?
5
What is -206 + (-118 - (-127 + -125))?
-72
Evaluate 128 - (3 + (-45 + 47 - (1 + 11))).
135
(-8 - -14 - 18) + -8 + -105 - 8
-133
What is the value of 4 + 137 + -1030 + 797?
-92
(-67 - -62 - 0) + -49
-54
Calculate 10 - (92 + -98 - (-2 - -7) - (3 - 14)).
10
Evaluate -34 + -8 + -7 + (12 - -2) + (-78 - -88).
-25
-26 - (-13 + (2 - (-5 + -3 + -5)) + 7)
-35
What is the value of (-10795 - -10723) + 1 + 78?
7
Evaluate (1 - 2) + -14 - (-129 - (-149 + 28)).
-7
What is (105 - -2) + -9 + -30 + 48 + -7?
109
What is the value of 76 + (7 - 10) + (-35 - -24 - (3 + 0))?
59
What is -57 + -43 - -12 - -37?
-51
What is (1 + 12 - (-18 + 45)) + -110 + 0?
-124
What is the value of (-65 - -57) + -21 + (-41 - 4)?
-74
Evaluate 13 - 6 - 17 - (-181 + 141).
30
What is (2 - 27) + -13 + -11 + (-2 - -6)?
-45
What is the value of -31 + -65 + 74 - (-1 + -12) - 7?
-16
-1 - (-17 + 11 + 8) - -48
45
Evaluate (171 + -135 - (36 + 0)) + 39 + (-1 - 0).
38
What is the value of 15 + 2 + 30 + 47 + -45?
49
(771 - 785) + (80 - (2 + (-3 - -2)))
65
What is the value of -40 + 1 - (58 - 31 - 25)?
-41
18 - 33 - (5 + 3 + -17 + -9)
3
What is the value of -15 + (-111 - (55 + -13 + -43))?
-125
(-553 - -505) + (-10 - (-7 - (4 - 6 - 1)))
-54
Evaluate 6 - 74 - (933 - 848).
-153
What is the value of (40 - 102 - 121) + 100?
-83
-9 + 6 - -5 - (-12 - (81 - 23))
72
Calculate 86 + -78 - -9 - (-1 - -26 - 0).
-8
(32 - 3) + 1 + (14 - 18)
26
-183 + 120 + -9 + (-1 - 1) + 5
-69
Calculate (30 + -26 + (0 - -5) - -4) + (-996 - -908).
-75
What is the value of -3 + -5 + (3 - -29) - (-26 - -6 - -5)?
39
Calculate (76 - 53 - 57) + 86.
52
3 + 9 + (26 - (6 - (18 + -1))) + -12
37
Calculate 26 + -6 + 8 - -18 - -14.
60
What is the value of -41 + -5 + -3 - (4 - 5 - -4 - -1)?
-53
What is the value of (-8 + (13 - 13) - -17 - (83 + -4)) + -13?
-83
Evaluate -8 + (-40 + 14 - 5) + -13.
-52
Calculate 131 - (207 + -137 + 95).
-34
What is 19 + 1 - (-644 - -692)?
-28
(-2337 - -2247) + -1 + 113
22
What is the value of (31 - 22) + (0 - (0 + 4)) + 8?
13
What is -7 + -7 + 49 - (-65 + 6)?
94
What is (70 - (61 + -68 + 2 + 8)) + -8?
59
21 - 0 - (116 - 1 - (291 + -234))
-37
Evaluate (-10 - (-3 - 0)) + (4 + 1 - (-337 - -332)).
3
-67 + (6 + 38 - (-25 + 51))
-49
Evaluate 48 + (36 + 0 - 3) - 36.
45
What is the value of (89 - (72 - -14)) + -1 + 5?
7
Evaluate -5 + 14 - 30 - (109 - 138).
8
Evaluate 1137 + -1207 - (-6 + -6).
-58
Calculate (17 - (4 + 1 + -18)) + (0 - 6).
24
Evaluate -64 - (-107 + 81 + 11).
-49
What is (-7 - (15 + 23) - 4) + -19?
-68
Evaluate -173 + 203 - (38 - -2).
-10
What is the value of -73 - (-103 - (-162 - -13))?
-119
What is the value of -4 - (-9 - (-37 - ((-21 - -14) + -13)))?
-12
What is the value of -3 + (60 - 58 - -57)?
56
What is the value of 78 + -60 + (20 - 143 - -17)?
-88
Calculate 234 + -213 - (0 - 11).
32
What is -24 + (26 + -60 + 30 - -39)?
11
What is -23 + 13 + 3 - -17 - (24 - -5)?
-19
Evaluate -42 - (-69 + 37 + -8).
-2
What is 1621 + -1611 + (-1 - (-14 + -3) - 3)?
23
Calculate (-3 - 14) + 24 - (2 - -18 - 5) - -15.
7
Evaluate -22 - (34 + -8 - (34 + -10)).
-24
What is the value of (-74 - -4 - -3) + (617 - 633)?
-83
What is ((-10 - -13) + 8 - (1 + 11)) + 1?
0
Calculate (-60 - (57 + -86)) + -7 + -2.
-40
What is -6 + 4 + (74 - 91) + (108 - 2)?
87
(3 - -12) + (30 - -18 - 20)
43
What is the value of -40 - (16 + -32) - (-1 + 3)?
-26
Evaluate -1076 + 1058 - (1 + -2 - -14).
-31
Evaluate 908 + -887 - (-4 + 35 + 0).
-10
What is 37 - (14 - 4) - -21?
48
-271 + (-155 - -187) + 124
-115
What is -28 + 12 + 51 + -89?
-54
What is -5 - (4 + -9 - (83 + -55))?
28
Evaluate (-18 - (19 + -100)) + (1 - ((5 - 4) + 8)).
55
13 + -9 + (139 - 64)
79
Evaluate 5 - (14 + -7) - (9 + (117 - 45)).
-83
-6 + 38 + (118 - 128)
22
Calculate (-36 - -44) + -13 + 1 - (-59 + -3 + -6).
64
42 - (23 - (17 - (22 + -15)))
29
What is the value of 70 - (-58 + 18 + 37)?
73
What is the value of (-434 - -431) + -78 + 4?
-77
What is the value of (-110 - (-75 - 69)) + (-28 - -1)?
7
(-2 + 2 - ((-15 - 27) + 53)) + 0 + -57
-68
What is the value of 153 + -134 + (83 - 10)?
92
Calculate 15 + 1 + -1 + (79 + -270 - -58).
-118
Evaluate (6 - 2) + (-32 - (-21 + (-17 - -25))).
-15
What is 150 - (126 + -78 + 30)?
72
(10 + -24 + -18 - -11) + 12
-9
What is the value of -29 - -5 - (-206 - -159)?
23
What is 1 + -3 + 4 - (-730 + 747)?
-15
What is the value of (-8 - -5) + 12 + 0 + (1 - (-76 + 11))?
75
(31 - (5 - ((-37 - -17) + 2))) + -3
5
What is (0 + -27 + -4 - (1 + 1)) + (56 - 63)?
-40
Evaluate 23 - 22 - (-2 + -13) - -27.
43
What is the value of 21 + (-11 + -20 - -18 - -33)?
41
What is 66 + -2 - (186 - 102)?
-20
What is the value of -7 + (-11 - (-8 + -27)) + (12 - 4)?
25
Calculate -11 - ((14 + (-17 - -5) - (3 + 2)) + -6).
-2
-48 - 14 - (-23 + 32)
-71
Calculate -81 + 28 + 152 + -110.
-11
What is the value of (85 - -14) + -59 + -93?
-53
Evaluate 50 + (-101 - -63) + (-2 - -17 - 2).
25
Evaluate -1 + 56 + (277 - 317).
15
What is 8 + (-3 - 0 - (-34 - -42 - 2)) - 97?
-98
Evaluate -54 - (47 - (-33 - 8 - -74)).
-68
Evaluate 133 + -133 - (-63 - -1).
62
9 - (6 - -74) - -152
81
Evaluate -2 - (-3 - -1 - (-23 + -18 - -12 - -1)).
-28
92 - (71 - 28) - 42
7
Evaluate (-24 - (10 - 46)) + (-20 - 2) - -39.
29
What is the value of (-260 - -246) + 77 + -2 - -21?
82
Evaluate -424 + 473 - (11 - -28).
10
Evaluate -1528 + 1349 + (-3 - -111).
-71
What is (-168 - -187) + (-10 - -8)?
17
58 + -12 - (-284 + 335)
-5
Evaluate -3 + (-19 - (-7 + 5)) - (22 + -33).
-9
What is the value of (59 - (58 - -7)) + (-2 - -5) + 50?
47
What is the value of (-53 - -79) + -15 + -43 - 2?
-34
What is -30 - (34 + (2 - (20 - (-1 - -3))))?
-48
What is 35 + -26 - (16 + 1) - (120 - (2 - 0))?
-126
Calculate 18 + 13 - (3 - 5) - (9 + -4).
28
What is the value of (32 - 0) + -9 - 16 - 77?
-70
Calculate 30 - (5 + -24 + -7 + 51).
5
2 + 3 - (-33 + -3)
41
-13 + -2 + -20 + 17 - (-49 - -62)
-31
3 + -8 - (-44 + -44 + 79)
4
What is the value of 6 + -18 + 20 + 49 + 5 - -9?
71
Evaluate 11 - -7 - 4 - (1 - (28 - 15)).
26
What is -2 - 40 - (115 - -139 - 380)?
84
Evaluate 216 - (566 - 242) - (-8 + -1).
-99
Calculate -2 + (-12 - -3) + 8 - (4 - 10 - 54).
57
What is the value of 137 + (-100 - -45) + -12?
70
What is the value of 94 + -17 + 851 + -1018?
-90
Evaluate (-12 - (13 + 20)) + (325 - 221).
59
Evaluate (-68 - (12 + -7)) + -91 + 71.
-93
-96 + 104 + 1 + -10 + 7 + 54
60
-42 + (54 - 12) + -30 + 32 + 104 + -1
105
Evaluate (16 + -9 + -10 - 1) + 41 + 6.
43
Evaluate 1 + 31 + 1084 + -1131.
-15
(3 - -1) + 118 + -106 - (75 + 3)
-62
Evaluate -13 + (37 - 19 - (1 - (-1 - -10) - -18)).
-5
Evaluate -25 + -269 + 269 + (-18 - 0).
-43
What is the value of 0 + 41 + (6874 - 6876)?
39
Evaluate -69 + 29 + -15 + -22 + 32.
-45
-182 - -226 - (1 + 6 + (-7 + -1 - -4))
41
Evaluate 76 - -55 - 148 - (0 - 0).
-17
What is -19 + -1 + 3 - (-381 - -415)?
-51
Calculate 6 + -98 + 11 + (5 - 9).
-85
What is (-19 - (18 - (54 - 19)) - 6) + (2 - -35)?
29
What is -51 + (2 - (-16 + 2